{"id":74,"date":"2023-06-19T22:11:52","date_gmt":"2023-06-19T22:11:52","guid":{"rendered":"https:\/\/laurafrisicale.com\/?page_id=74"},"modified":"2023-12-10T16:27:19","modified_gmt":"2023-12-10T16:27:19","slug":"contact","status":"publish","type":"page","link":"https:\/\/laurafrisicale.com\/index.php\/contact\/","title":{"rendered":"Contacto"},"content":{"rendered":"\n<div class=\"wp-block-columns alignfull is-layout-flex wp-container-2\">\n<div class=\"wp-block-column is-layout-flow\">\n<div style=\"width: 100%\"><iframe width=\"100%\" height=\"400\" frameborder=\"0\" scrolling=\"no\" marginheight=\"0\" marginwidth=\"0\" src=\"https:\/\/www.google.com\/maps\/embed?pb=!1m18!1m12!1m3!1d3114.2057530406296!2d-62.27281112329702!3d-38.69011778463132!2m3!1f0!2f0!3f0!3m2!1i1024!2i768!4f13.1!3m3!1m2!1s0x95edbb07821009c1%3A0x6933cfc3d6c0b34c!2sAlfonsina%20Storni%201870%2C%20B8000%20Bah%C3%ADa%20Blanca%2C%20Provincia%20de%20Buenos%20Aires!5e0!3m2!1ses-419!2sar!4v1702225076461!5m2!1ses-419!2sar\" width=\"600\" height=\"450\" style=\"border:0;\" allowfullscreen=\"\" loading=\"lazy\" referrerpolicy=\"no-referrer-when-downgrade\"><\/iframe><\/div>\n\n\n\n<p><\/p>\n<\/div>\n<\/div>\n\n\n\n<div class=\"wp-block-columns are-vertically-aligned-center container is-layout-flex wp-container-7\">\n<div class=\"wp-block-column is-vertically-aligned-center is-layout-flow\">\n<h2 class=\"wp-block-heading hestia-title\">Contactanos<\/h2>\n\n\n<div class=\"wpforms-container wpforms-container-full\" id=\"wpforms-96\"><form id=\"wpforms-form-96\" class=\"wpforms-validate wpforms-form\" data-formid=\"96\" method=\"post\" enctype=\"multipart\/form-data\" action=\"\/index.php\/wp-json\/wp\/v2\/pages\/74\" data-token=\"f17794e3c008a5d0b069990055c0386c\"><noscript class=\"wpforms-error-noscript\">Please enable JavaScript in your browser to complete this form.<\/noscript><div class=\"wpforms-field-container\"><div id=\"wpforms-96-field_0-container\" class=\"wpforms-field wpforms-field-name wpforms-one-half wpforms-first\" data-field-id=\"0\"><label class=\"wpforms-field-label wpforms-label-hide\" for=\"wpforms-96-field_0\">Name <span class=\"wpforms-required-label\">*<\/span><\/label><input type=\"text\" id=\"wpforms-96-field_0\" class=\"wpforms-field-large wpforms-field-required\" name=\"wpforms[fields][0]\" placeholder=\"Tu Nombre y Apellido\" required><\/div><div id=\"wpforms-96-field_3-container\" class=\"wpforms-field wpforms-field-email wpforms-one-half\" data-field-id=\"3\"><label class=\"wpforms-field-label wpforms-label-hide\" for=\"wpforms-96-field_3\">Email <span class=\"wpforms-required-label\">*<\/span><\/label><input type=\"email\" id=\"wpforms-96-field_3\" class=\"wpforms-field-large wpforms-field-required\" name=\"wpforms[fields][3]\" placeholder=\"Tu Email\" spellcheck=\"false\" required><\/div><div id=\"wpforms-96-field_4-container\" class=\"wpforms-field wpforms-field-text\" data-field-id=\"4\"><label class=\"wpforms-field-label wpforms-label-hide\" for=\"wpforms-96-field_4\">Subject<\/label><input type=\"text\" id=\"wpforms-96-field_4\" class=\"wpforms-field-large\" name=\"wpforms[fields][4]\" placeholder=\"Asunto\" ><\/div><div id=\"wpforms-96-field_2-container\" class=\"wpforms-field wpforms-field-textarea\" data-field-id=\"2\"><label class=\"wpforms-field-label wpforms-label-hide\" for=\"wpforms-96-field_2\">Message <span class=\"wpforms-required-label\">*<\/span><\/label><textarea id=\"wpforms-96-field_2\" class=\"wpforms-field-medium wpforms-field-required\" name=\"wpforms[fields][2]\" placeholder=\"Mensaje\" required><\/textarea><\/div><\/div><!-- .wpforms-field-container --><div class=\"wpforms-submit-container\" ><input type=\"hidden\" name=\"wpforms[id]\" value=\"96\"><input type=\"hidden\" name=\"wpforms[author]\" value=\"1\"><button type=\"submit\" name=\"wpforms[submit]\" id=\"wpforms-submit-96\" class=\"wpforms-submit\" data-alt-text=\"Enviando...\" data-submit-text=\"Enviar\" aria-live=\"assertive\" value=\"wpforms-submit\">Enviar<\/button><\/div><\/form><\/div>  <!-- .wpforms-container -->\n<\/div>\n\n\n\n<div class=\"wp-block-column is-vertically-aligned-center is-layout-flow\">\n<div class=\"wp-block-columns is-layout-flex wp-container-5\">\n<div class=\"wp-block-column is-layout-flow\" style=\"flex-basis:50%\">\n<h4 class=\"wp-block-heading has-text-align-left hestia-title has-text-color\" style=\"color:#3c4858;font-size:18px\"><img decoding=\"async\" loading=\"lazy\" width=\"708\" height=\"729\" class=\"wp-image-120\" style=\"width: 25px;\" src=\"https:\/\/laurafrisicale.com\/wp-content\/uploads\/2023\/06\/location-01.png\" alt=\"\" srcset=\"https:\/\/laurafrisicale.com\/wp-content\/uploads\/2023\/06\/location-01.png 708w, https:\/\/laurafrisicale.com\/wp-content\/uploads\/2023\/06\/location-01-291x300.png 291w\" sizes=\"(max-width: 708px) 100vw, 708px\" \/> <strong>Direcci\u00f3n<\/strong><\/h4>\n\n\n\n<p class=\"has-text-align-left has-text-color\" style=\"color:#999999;font-size:14px\">Alfonsina Storni 1870 (Oficina 6 &#8211; Piso 1), Bah\u00eda Blanca, Argentina<\/p>\n\n\n\n<p><\/p>\n\n\n\n<h4 class=\"wp-block-heading has-text-align-left hestia-title has-text-color\" style=\"color:#3c4858;font-size:18px\"><img decoding=\"async\" loading=\"lazy\" width=\"708\" height=\"729\" class=\"wp-image-122\" style=\"width: 25px;\" src=\"https:\/\/laurafrisicale.com\/wp-content\/uploads\/2023\/06\/horatio-01.png\" alt=\"\" srcset=\"https:\/\/laurafrisicale.com\/wp-content\/uploads\/2023\/06\/horatio-01.png 708w, https:\/\/laurafrisicale.com\/wp-content\/uploads\/2023\/06\/horatio-01-291x300.png 291w\" sizes=\"(max-width: 708px) 100vw, 708px\" \/><strong>  Horario<\/strong><\/h4>\n\n\n\n<p class=\"has-text-align-left has-text-color\" style=\"color:#999999;font-size:14px\">Lunes a viernes &#8211; 9:00 a 18:00 hs. (con cita previa)<\/p>\n\n\n\n<p><\/p>\n\n\n\n<h4 class=\"wp-block-heading has-text-align-left hestia-title has-text-color\" style=\"color:#3c4858;font-size:18px\"><img decoding=\"async\" loading=\"lazy\" width=\"708\" height=\"729\" class=\"wp-image-121\" style=\"width: 25px;\" src=\"https:\/\/laurafrisicale.com\/wp-content\/uploads\/2023\/06\/tel-01.png\" alt=\"\" srcset=\"https:\/\/laurafrisicale.com\/wp-content\/uploads\/2023\/06\/tel-01.png 708w, https:\/\/laurafrisicale.com\/wp-content\/uploads\/2023\/06\/tel-01-291x300.png 291w\" sizes=\"(max-width: 708px) 100vw, 708px\" \/> <strong>Tel\u00e9fono<\/strong><\/h4>\n\n\n\n<p class=\"has-text-align-left has-text-color\" style=\"color:#999999;font-size:14px\">2914461063 (Whatsapp)<\/p>\n<\/div>\n<\/div>\n<\/div>\n<\/div>\n\n\n\n<p><\/p>\n","protected":false},"excerpt":{"rendered":"<p>Contactanos Direcci\u00f3n Alfonsina Storni 1870 (Oficina 6 &#8211; Piso 1), Bah\u00eda Blanca, Argentina Horario Lunes a viernes &#8211; 9:00 a 18:00 hs. (con cita previa) Tel\u00e9fono 2914461063 (Whatsapp)<\/p>\n","protected":false},"author":1,"featured_media":66,"parent":0,"menu_order":0,"comment_status":"closed","ping_status":"closed","template":"page-templates\/template-pagebuilder-full-width.php","meta":[],"_links":{"self":[{"href":"https:\/\/laurafrisicale.com\/index.php\/wp-json\/wp\/v2\/pages\/74"}],"collection":[{"href":"https:\/\/laurafrisicale.com\/index.php\/wp-json\/wp\/v2\/pages"}],"about":[{"href":"https:\/\/laurafrisicale.com\/index.php\/wp-json\/wp\/v2\/types\/page"}],"author":[{"embeddable":true,"href":"https:\/\/laurafrisicale.com\/index.php\/wp-json\/wp\/v2\/users\/1"}],"replies":[{"embeddable":true,"href":"https:\/\/laurafrisicale.com\/index.php\/wp-json\/wp\/v2\/comments?post=74"}],"version-history":[{"count":22,"href":"https:\/\/laurafrisicale.com\/index.php\/wp-json\/wp\/v2\/pages\/74\/revisions"}],"predecessor-version":[{"id":192,"href":"https:\/\/laurafrisicale.com\/index.php\/wp-json\/wp\/v2\/pages\/74\/revisions\/192"}],"wp:featuredmedia":[{"embeddable":true,"href":"https:\/\/laurafrisicale.com\/index.php\/wp-json\/wp\/v2\/media\/66"}],"wp:attachment":[{"href":"https:\/\/laurafrisicale.com\/index.php\/wp-json\/wp\/v2\/media?parent=74"}],"curies":[{"name":"wp","href":"https:\/\/api.w.org\/{rel}","templated":true}]}}